hat is c(l)?
1
Let d(t) = t**3 + 4*t**2 - 5*t + 5. Let s be d(-5). Let y(u) = 2*u + 6. Let v(i) = -i - 1. Let n(j) = -3*v(j) - y(j). Determine n(s).
2
Let y be 0*((-15)/6)/5. Suppose 2*r = -0*r + 2. Let u(l) = -l - r - 3 + l**2 + 0*l. Determine u(y).
-4
Let i(h) be the third derivative of 7*h**5/60 + h**4/24 - h**3/6 - 8*h**2. Let n(a) = -a + 2. Let d be n(4). Let g = -1 - d. Give i(g).
7
Suppose -7 = -q + o, 4*q - 2 = -o + 1. Suppose q*s = 5*s - 12. Let m(v) = -v. Calculate m(s).
-4
Let a = 3 - 2. Suppose 31 = 5*r + a. Let m(x) = x**2 - 6*x - 8. Give m(r).
-8
Suppose -3*m + m - 4*r = -12, -5*r = -2*m - 15. Let i(g) = g**2 - 4. Calculate i(m).
-4
Let x(z) be the first derivative of -1 - 1 - 2*z**3 + z**2 + 3*z**3 - 2*z. Calculate x(-2).
6
Let s(h) = h**3 - 3*h**2 - 4*h - 4. Let p be (7 + 42/(-12))*8/7. Give s(p).
-4
Let x be (2/(-7))/((-3)/21). Let m(i) be the first derivative of 1/3*i**3 + x - 2*i**2 - 3*i. Give m(5).
2
Let l(c) be the first derivative of c**5/60 + c**4/24 + 11*c**3/6 + c**2/2 - 4. Let p(i) be the second derivative of l(i). What is p(0)?
11
Let j(u) = 2*u + 3*u + u**2 - 20 + u + 16. Calculate j(-7).
3
Let k = -2 + -10. Let j(c) = c**3 + 12*c**2 + 5. Let i be j(k). Let y(b) be the second derivative of b**4/12 - 7*b**3/6 + 5*b**2/2 + b. Calculate y(i).
-5
Let l(d) be the first derivative of 0*d**2 + 6 + 0*d + 7/3*d**3. Calculate l(-1).
7
Let z be (-1)/(2/(-1*4)). Suppose -z + 18 = b. Suppose -b = -4*f + 4. Let o(d) = -d**3 + 4*d**2 + 4*d + 7. What is o(f)?
2
Let f = -3 - -1. Let b(i) be the second derivative of -i**4/12 - i**3/3 - 3*i**2/2 + 9*i. What is b(f)?
-3
Let k(h) be the third derivative of -h**4/24 + 5*h**3/6 + 5*h**2. Let b = 4 - 1. Calculate k(b).
2
Let t(k) be the second derivative of -5*k**3/6 - k**2/2 - k. What is t(-1)?
4
Let c(o) be the third derivative of 0*o + 0 - 1/20*o**5 - o**2 + 1/120*o**6 + 5/6*o**3 - 1/6*o**4. What is c(4)?
5
Let p(t) = 13*t - 10. Let r(k) = 7*k - 5. Let z(b) = -4*p(b) + 7*r(b). Give z(4).
-7
Let p(z) = z + 5. Suppose -23 = 3*q + 4*m + 2, -q - 8 = m. Determine p(q).
-2
Suppose -a + 0*a = -5. Let j(x) = x - 4. Let s(m) = -m + 5. Suppose p - 24 = -3*p. Let i(n) = a*s(n) + p*j(n). Determine i(-5).
-4
Let s be (6 - 3) + (-6)/(-3). Let k(w) = -w**2 + 3*w - 2. Determine k(s).
-12
Let h(o) = -3*o + 2 - 1 - 5 + 3. Let x be h(-1). Let q(k) = -4*k + 3*k + 3*k + 3*k**x. Calculate q(-2).
8
Suppose 4*r - 17 = -k, -3*r + k = -0*r - 4. Let u(d) = r*d - 1 - 2*d + 10. What is u(-6)?
3
Suppose -s = -3 - 2. Suppose -5*v + s*c = -3 + 48, -5*c = v - 15. Let o(l) = l + 2. Give o(v).
-3
Let l(r) be the third derivative of -r**6/120 + r**5/60 + r**4/24 + 2*r**3/3 + 2*r**2. Let n = 1 + -1. Give l(n).
4
Suppose 0 = 5*a - 2*a - 12. Let s(b) = -b**2 + 2*b - 4. Give s(a).
-12
Let o be (-45)/(-9)*(-8)/(-5). Let k(u) = -u**3 + 7*u**2 + 10*u + 8. Calculate k(o).
24
Let a be ((-2)/(-3))/(4/30). Let m(y) = y**2 - a*y**2 + 5*y**2 - 4*y**3 + 3*y - 2*y. Let o(z) = z**3 - z**2 - 2*z - 1. Let g be o(-1). What is m(g)?
4
Let s be (0 - 6)/(29 - 30). Let m(t) = t**3 + t**2. Let d(b) = 2*b**3 + 8*b**2 + 5*b. Let w(c) = d(c) - 3*m(c). Calculate w(s).
-6
Let j(v) = v**2 + 5*v + 2. Suppose -2*k - k - 9 = 0. What is j(k)?
-4
Let p(r) = r**3 - 4*r**2 + 5*r - 5. Let l(n) = -4*n**3 + 12*n**2 - 16*n + 14. Let c(x) = -2*l(x) - 7*p(x). What is c(-5)?
-3
Let i(u) = -u**2 + u + 7. Let v be -4 - (-3 - 3) - 2. Give i(v).
7
Let w(t) = -t**3 - 7*t**2 + 9*t + 2. Let n = 15 - 23. Give w(n).
-6
Let i be (-2)/3*(-84)/(-8). Let k(n) = -n - 12. Give k(i).
-5
Let n(q) = -q + 0*q**2 + 2*q - 2*q**2 + 3*q**2. Let b(w) = 2*w**2 + 7*w + 7. Let o(j) = b(j) - n(j). Give o(-6).
7
Let i(u) = u**3 - 9*u**2 - u + 4. Let r be i(9). Let m(h) = 2*h - 5. Calculate m(r).
-15
Let k = 42 + -44. Suppose 3*d - 2*j = 9, 4*d + 3*j = -0*j + 29. Let o(r) = -2*r - d*r - 2 - 2*r**2 + 5*r. Calculate o(k).
-6
Let z be 5*-1*(-30)/(-25). Let p(o) = -o**2 - 6*o + 5. Determine p(z).
5
Suppose 2*n = -f + 5, -f = -2*f + 2*n - 11. Let k = 1 + f. Let z(j) be the third derivative of j**5/30 + 4*j**2. Determine z(k).
8
Let x(m) = 6*m - 1 - 3 - m**2 + 4 + 1. Let w be x(7). Let j be w/4*(-4)/6. Let h(t) = 7*t**2 + t. What is h(j)?
8
Let u(k) = -2*k**2 + 4*k + 4. Let a(x) = -2*x**2 + x + 2. Let c be a(2). Let n(b) = 2*b**2 - 5*b - 5. Let i(y) = c*n(y) - 5*u(y). Determine i(1).
2
Let p(d) be the second derivative of d**4/12 + d**3/2 - d. Let v = 4 + 3. Suppose 9 = 4*l - v*l. What is p(l)?
0
Let i(j) = 13*j. Suppose 3*r + 7 = -t - 4, 4 = -r. Calculate i(t).
13
Suppose -6 = h - 4*h. Suppose -h*p - 8 = 3*j + j, 3*p + 12 = 4*j. Let n(d) = -2*d - 2. Let t(r) = -2*r - 2. Let a(y) = 3*n(y) - 2*t(y). What is a(p)?
6
Let p(o) = o**3 - o**2 + 1. Let y(b) = -3*b**3 - 4*b**2 + 3*b + 4. Let r(j) = -2*p(j) - y(j). Let h = -52 - -46. Determine r(h).
12
Let b(m) = 2*m**3 + 4 + 5*m**3 + 3*m + m**2 - 5*m**3 - 3*m**3. What is b(3)?
-5
Suppose 4*o - 10 = 10. Suppose 4*p - 107 = -11. Suppose -o*t + p = -1. Let k(y) = -y**2 + 6*y - 7. Determine k(t).
-2
Let c(j) = j**3 + j**2 + j. Suppose 3*b + 2*g = 3, 3*b + g + 6 = 2*g. Give c(b).
-1
Let l(v) = -v**2. Let n(h) be the second derivative of -h**3/3 - h**2 - 5*h. Suppose 4 = -0*w - 2*w. Let m be n(w). Determine l(m).
-4
Let f(u) = u + 1. Let v(x) = -14*x - 48. Let g be v(-4). What is f(g)?
9
Let x(k) be the second derivative of k**4/12 + 5*k**3/6 + k**2 - k. What is x(-3)?
-4
Let u(t) be the third derivative of -t**4/4 - t**3/6 - t**2. What is u(1)?
-7
Let l(a) = a**3 + a**2. Let i(b) = 13*b**3 + 2*b**2 - b. Let x(d) = -i(d) + 2*l(d). Determine x(1).
-10
Let n(c) = -4*c**2 - 9*c - 2*c**2 + 4 + 3*c - 1 + c**3. Let v(s) = 4*s**3 - 19*s**2 - 19*s + 10. Let p(k) = 7*n(k) - 2*v(k). Give p(-3).
4
Let n be (-45)/10 + (-6)/(-4). Let p(l) be the first derivative of -l**6/360 - l**5/40 + 4*l**3/3 - 3. Let y(g) be the third derivative of p(g). Determine y(n).
0
Let t(f) = -f**2 - 13*f + 4. Let q be t(-13). Let m(y) = -y**3 + 4*y**2 - 3*y + 6. What is m(q)?
-6
Let y(w) = -w - 7. Let m = 15 + -23. Calculate y(m).
1
Let r(x) = -2*x + 2. Let i be (-87)/27*1 + (-16)/(-72). What is r(i)?
8
Suppose -2*x - 20 = -7*x. Suppose -24 = 3*i - 0*s + 3*s, -4*i + 5*s + x = 0. Let m = i + 5. Let l(n) = n. Determine l(m).
1
Let q = 20 - 18. Let j be 2 + (0/1)/q. Let u(c) = 2*c. Determine u(j).
4
Let m(a) = -a**2 - 2*a - 2. Let n(p) be the third derivative of -p**5/30 - p**4/12 - p**3/3 + p**2. Let o(f) = -4*m(f) + 3*n(f). Let k = 1 + 1. Calculate o(k).
-2
Let r(i) = i**3 - 3*i**2 - 5*i. Suppose 7*p - 3 - 25 = 0. What is r(p)?
-4
Let s(n) be the second derivative of n**8/6720 - n**7/2520 + 7*n**5/120 + n**4/12 + 2*n. Let x(h) be the third derivative of s(h). Let b = 1 - 1. What is x(b)?
7
Let s = -1 + 3. Let y(n) = 10*n**3 - 3*n**2 + n - 10. Let c(v) = -3*v**3 + v**2 + 3. Let p(u) = 7*c(u) + 2*y(u). Determine p(s).
1
Let v(y) = 7*y + 5*y + 3 + 12*y - 26*y. What is v(3)?
-3
Let r = -7 - -9. Let f(z) = -z + 4*z**2 + 4*z**r - 3*z**2. Determine f(1).
4
Let v = 47/30 - 7/5. Let z(m) be the third derivative of 2*m**2 + 0*m - 1/24*m**4 + v*m**3 + 0. What is z(-5)?
6
Let m(c) be the third derivative of -c**4/24 + c**3/3 - 3*c**2. Let s be (-3)/2*8/(-6). Calculate m(s).
0
Suppose 2*j = -k + 2, 2*k = 5*j + k - 5. Let c be (-6)/(-4)*(0 - -2). Suppose -j = -y - c. Let z(f) = -f**2 - 4*f - 2. What is z(y)?
2
Let k(w) = w**3 - 4*w**2 + w + 1. Let o(s) = -s**3 - 5*s**2 - 2*s - 6. Let v be 17/(-3) - 10/(-15). Let q be o(v). Determine k(q).
5
Let m(z) = 5*z + 36 - z**2 - 36 - 2*z - z**3. Suppose -5*c - 22 = -7. What is m(c)?
9
Suppose -32 = -2*y - 28. Let o(c) = -4*c**3 - 7*c**2 - 5*c + 1. Let i(u) = -5*u**3 - 8*u**2 - 6*u + 1. Let t(f) = 5*i(f) - 6*o(f). What is t(y)?
-1
Let u(a) = -a**3 + 6*a**2 + 9*a - 10. Let s be (-8)/(-4) - (-3 - (2 - 0)). Give u(s).
4
Let s(i) = 2 - 4*i**3 - 1 + 7*i**3 + 0*i**3 + i. Determine s(-1).
-3
Let f(p) = p**2 - p - 1. Let r(l) = l**3 + 3*l**2 - 5*l - 4. Let s(z) = -5*f(z) + r(z). Suppose 2*n = 3*n + 1. Let d be -1*((-1)/n)/(-1). Calculate s(d).
0
Let x(s) be the first derivative of 5*s**4/24 + s**3/6 + s**2 - 4. Let j(c) be the second derivative of x(c). Determine j(-2).
-9
Let f = 5 - 2. Suppose f*u - u - 8 = 0. Let a(t) = -t**2 + 6*t - 1. What is a(u)?
7
Let o(d) be the firs